{"id":372,"date":"2026-03-20T10:04:00","date_gmt":"2026-03-20T10:04:00","guid":{"rendered":"https:\/\/annastiinamakitalo.com\/?post_type=portfolio_item&#038;p=372"},"modified":"2026-04-10T09:24:21","modified_gmt":"2026-04-10T09:24:21","slug":"runotytto-muotokuvat","status":"publish","type":"portfolio_item","link":"https:\/\/annastiinamakitalo.com\/index.php\/project\/runotytto-muotokuvat\/","title":{"rendered":"Runotytt\u00f6-muotokuvat"},"content":{"rendered":"\n<p>Runotytt\u00f6-muotokuvat 40x piirsin k\u00e4ytt\u00e4en malleina kehitysvammaisia tytt\u00f6j\u00e4 eri puolilta Suomea. N\u00e4m\u00e4 teokset olivat esill\u00e4 Kuvittaja-galleriassa Helsingiss\u00e4 ja niist\u00e4 julkaisin my\u00f6s saman nimisen v\u00e4rityskirjan vuonna 2018.<\/p>\n\n\n\n<div class=\"wp-block-columns is-layout-flex wp-container-core-columns-is-layout-28f84493 wp-block-columns-is-layout-flex\">\n<div class=\"wp-block-column is-layout-flow wp-block-column-is-layout-flow\" style=\"flex-basis:100%\"><\/div>\n<\/div>\n\n\n\n<figure class=\"wp-block-gallery has-nested-images columns-default is-cropped wp-block-gallery-2 is-layout-flex wp-block-gallery-is-layout-flex\">\n<figure class=\"wp-block-image size-large\"><img loading=\"lazy\" decoding=\"async\" width=\"768\" height=\"1024\" data-id=\"377\" src=\"https:\/\/annastiinamakitalo.com\/wp-content\/uploads\/2026\/03\/Annastiina_Makitalo_kuvitus_Runotytto-muotokuvat_nayttely1-768x1024.jpg\" alt=\"\" class=\"wp-image-377\" srcset=\"https:\/\/annastiinamakitalo.com\/wp-content\/uploads\/2026\/03\/Annastiina_Makitalo_kuvitus_Runotytto-muotokuvat_nayttely1-768x1024.jpg 768w, https:\/\/annastiinamakitalo.com\/wp-content\/uploads\/2026\/03\/Annastiina_Makitalo_kuvitus_Runotytto-muotokuvat_nayttely1-225x300.jpg 225w, https:\/\/annastiinamakitalo.com\/wp-content\/uploads\/2026\/03\/Annastiina_Makitalo_kuvitus_Runotytto-muotokuvat_nayttely1.jpg 1200w\" sizes=\"auto, (max-width: 768px) 100vw, 768px\" \/><\/figure>\n\n\n\n<figure class=\"wp-block-image size-large\"><img loading=\"lazy\" decoding=\"async\" width=\"768\" height=\"1024\" data-id=\"378\" src=\"https:\/\/annastiinamakitalo.com\/wp-content\/uploads\/2026\/03\/Annastiina_Makitalo_kuvitus_Runotytto-muotokuvat_nayttely2-768x1024.jpg\" alt=\"\" class=\"wp-image-378\" srcset=\"https:\/\/annastiinamakitalo.com\/wp-content\/uploads\/2026\/03\/Annastiina_Makitalo_kuvitus_Runotytto-muotokuvat_nayttely2-768x1024.jpg 768w, https:\/\/annastiinamakitalo.com\/wp-content\/uploads\/2026\/03\/Annastiina_Makitalo_kuvitus_Runotytto-muotokuvat_nayttely2-225x300.jpg 225w, https:\/\/annastiinamakitalo.com\/wp-content\/uploads\/2026\/03\/Annastiina_Makitalo_kuvitus_Runotytto-muotokuvat_nayttely2.jpg 1200w\" sizes=\"auto, (max-width: 768px) 100vw, 768px\" \/><\/figure>\n<\/figure>\n\n\n\n<figure class=\"wp-block-image aligncenter size-full\"><img loading=\"lazy\" decoding=\"async\" width=\"616\" height=\"886\" src=\"https:\/\/annastiinamakitalo.com\/wp-content\/uploads\/2025\/12\/runotytto-varityskirja-kiinnoste-annastiina-makitalo2-1.jpg\" alt=\"\" class=\"wp-image-85\" srcset=\"https:\/\/annastiinamakitalo.com\/wp-content\/uploads\/2025\/12\/runotytto-varityskirja-kiinnoste-annastiina-makitalo2-1.jpg 616w, https:\/\/annastiinamakitalo.com\/wp-content\/uploads\/2025\/12\/runotytto-varityskirja-kiinnoste-annastiina-makitalo2-1-209x300.jpg 209w\" sizes=\"auto, (max-width: 616px) 100vw, 616px\" \/><\/figure>\n\n\n\n<p><\/p>\n\n\n\n<div class=\"wp-block-buttons is-layout-flex wp-block-buttons-is-layout-flex\">\n<div class=\"wp-block-button is-style-outline is-style-outline--3\"><a class=\"wp-block-button__link wp-element-button\" href=\"\/index.php\/sample-page\/\" style=\"border-radius:0px\">takaisin portfolioon<\/a><\/div>\n<\/div>\n","protected":false},"excerpt":{"rendered":"<p>Runotytt\u00f6-muotokuvat 40x piirsin k\u00e4ytt\u00e4en malleina kehitysvammaisia tytt\u00f6j\u00e4 eri puolilta Suomea. N\u00e4m\u00e4 teokset olivat esill\u00e4 Kuvittaja-galleriassa Helsingiss\u00e4 ja niist\u00e4 julkaisin my\u00f6s saman nimisen v\u00e4rityskirjan vuonna 2018.<\/p>\n","protected":false},"author":1,"featured_media":0,"parent":0,"template":"","meta":{"_wpzb_portfolio_video_type":"","_wpzb_portfolio_video_id":0,"_wpzb_portfolio_video_url":"","footnotes":""},"portfolio":[7],"class_list":["post-372","portfolio_item","type-portfolio_item","status-publish","hentry","portfolio-uncategorized"],"featured_media_urls":[],"_links":{"self":[{"href":"https:\/\/annastiinamakitalo.com\/index.php\/wp-json\/wp\/v2\/portfolio_item\/372","targetHints":{"allow":["GET"]}}],"collection":[{"href":"https:\/\/annastiinamakitalo.com\/index.php\/wp-json\/wp\/v2\/portfolio_item"}],"about":[{"href":"https:\/\/annastiinamakitalo.com\/index.php\/wp-json\/wp\/v2\/types\/portfolio_item"}],"author":[{"embeddable":true,"href":"https:\/\/annastiinamakitalo.com\/index.php\/wp-json\/wp\/v2\/users\/1"}],"version-history":[{"count":9,"href":"https:\/\/annastiinamakitalo.com\/index.php\/wp-json\/wp\/v2\/portfolio_item\/372\/revisions"}],"predecessor-version":[{"id":712,"href":"https:\/\/annastiinamakitalo.com\/index.php\/wp-json\/wp\/v2\/portfolio_item\/372\/revisions\/712"}],"wp:attachment":[{"href":"https:\/\/annastiinamakitalo.com\/index.php\/wp-json\/wp\/v2\/media?parent=372"}],"wp:term":[{"taxonomy":"portfolio","embeddable":true,"href":"https:\/\/annastiinamakitalo.com\/index.php\/wp-json\/wp\/v2\/portfolio?post=372"}],"curies":[{"name":"wp","href":"https:\/\/api.w.org\/{rel}","templated":true}]}}

Runotyttö-muotokuvat

<p>Runotyttö-muotokuvat 40x piirsin käyttäen malleina kehitysvammaisia tyttöjä eri puolilta Suomea. Nämä teokset olivat esillä Kuvittaja-galleriassa Helsingissä ja niistä julkaisin myös saman nimisen värityskirjan vuonna 2018.</p>



<div class="wp-block-columns is-layout-flex wp-container-core-columns-is-layout-28f84493 wp-block-columns-is-layout-flex">
<div class="wp-block-column is-layout-flow wp-block-column-is-layout-flow" style="flex-basis:100%"></div>
</div>



<figure class="wp-block-gallery has-nested-images columns-default is-cropped wp-block-gallery-2 is-layout-flex wp-block-gallery-is-layout-flex">
<figure class="wp-block-image size-large"><img loading="lazy" decoding="async" width="768" height="1024" data-id="377" src="https://annastiinamakitalo.com/wp-content/uploads/2026/03/Annastiina_Makitalo_kuvitus_Runotytto-muotokuvat_nayttely1-768x1024.jpg" alt="" class="wp-image-377" srcset="https://annastiinamakitalo.com/wp-content/uploads/2026/03/Annastiina_Makitalo_kuvitus_Runotytto-muotokuvat_nayttely1-768x1024.jpg 768w, https://annastiinamakitalo.com/wp-content/uploads/2026/03/Annastiina_Makitalo_kuvitus_Runotytto-muotokuvat_nayttely1-225x300.jpg 225w, https://annastiinamakitalo.com/wp-content/uploads/2026/03/Annastiina_Makitalo_kuvitus_Runotytto-muotokuvat_nayttely1.jpg 1200w" sizes="auto, (max-width: 768px) 100vw, 768px" /></figure>



<figure class="wp-block-image size-large"><img loading="lazy" decoding="async" width="768" height="1024" data-id="378" src="https://annastiinamakitalo.com/wp-content/uploads/2026/03/Annastiina_Makitalo_kuvitus_Runotytto-muotokuvat_nayttely2-768x1024.jpg" alt="" class="wp-image-378" srcset="https://annastiinamakitalo.com/wp-content/uploads/2026/03/Annastiina_Makitalo_kuvitus_Runotytto-muotokuvat_nayttely2-768x1024.jpg 768w, https://annastiinamakitalo.com/wp-content/uploads/2026/03/Annastiina_Makitalo_kuvitus_Runotytto-muotokuvat_nayttely2-225x300.jpg 225w, https://annastiinamakitalo.com/wp-content/uploads/2026/03/Annastiina_Makitalo_kuvitus_Runotytto-muotokuvat_nayttely2.jpg 1200w" sizes="auto, (max-width: 768px) 100vw, 768px" /></figure>
</figure>



<figure class="wp-block-image aligncenter size-full"><img loading="lazy" decoding="async" width="616" height="886" src="https://annastiinamakitalo.com/wp-content/uploads/2025/12/runotytto-varityskirja-kiinnoste-annastiina-makitalo2-1.jpg" alt="" class="wp-image-85" srcset="https://annastiinamakitalo.com/wp-content/uploads/2025/12/runotytto-varityskirja-kiinnoste-annastiina-makitalo2-1.jpg 616w, https://annastiinamakitalo.com/wp-content/uploads/2025/12/runotytto-varityskirja-kiinnoste-annastiina-makitalo2-1-209x300.jpg 209w" sizes="auto, (max-width: 616px) 100vw, 616px" /></figure>



<p></p>



<div class="wp-block-buttons is-layout-flex wp-block-buttons-is-layout-flex">
<div class="wp-block-button is-style-outline is-style-outline--3"><a class="wp-block-button__link wp-element-button" href="/index.php/sample-page/" style="border-radius:0px">takaisin portfolioon</a></div>
</div>

<p>Runotyttö-muotokuvat 40x piirsin käyttäen malleina kehitysvammaisia tyttöjä eri puolilta Suomea. Nämä teokset olivat esillä Kuvittaja-galleriassa Helsingissä ja niistä julkaisin myös saman nimisen värityskirjan vuonna 2018.</p>
