{"id":450,"date":"2026-03-20T14:11:57","date_gmt":"2026-03-20T14:11:57","guid":{"rendered":"https:\/\/annastiinamakitalo.com\/?post_type=portfolio_item&#038;p=450"},"modified":"2026-04-10T07:12:15","modified_gmt":"2026-04-10T07:12:15","slug":"oi-kuusipuu","status":"publish","type":"portfolio_item","link":"https:\/\/annastiinamakitalo.com\/index.php\/project\/oi-kuusipuu\/","title":{"rendered":"Oi Kuusipuu!"},"content":{"rendered":"\n<p><em>&nbsp;\u201cValaisun ja lasten piirrosten yhdistelm\u00e4 on todella oivaltava. Teos tuo esiin sek\u00e4 lasten luovan rohkeuden ett\u00e4 kuusiaiheen monimuotoisuuden kauniilla ja l\u00e4mminhenkisell\u00e4 tavalla.\u201d<\/em><\/p>\n\n\n\n<p><em>&nbsp;\u201cJokainen kuusisiluetti tuntuu kertovan oman tarinansa. On hienoa, miten olet onnistunut tuomaan lasten alkuper\u00e4iset piirrokset n\u00e4kyviksi niin modernissa ja vaikuttavassa muodossa.\u201d<\/em><\/p>\n\n\n\n<p><em>&nbsp;\u201cValopisteiden kautta luotu kuvapinta tekee teoksesta el\u00e4v\u00e4n \u2013 se muuttuu et\u00e4isyydest\u00e4 ja katselukulman mukaan. Todella taidokas ratkaisu!\u201d<\/em><\/p>\n\n\n\n<p><em>&nbsp;\u201cTeos huokuu iloa ja yhteis\u00f6llisyytt\u00e4. Lasten k\u00e4denj\u00e4ljen s\u00e4ilytt\u00e4minen n\u00e4in n\u00e4ytt\u00e4v\u00e4ss\u00e4 ymp\u00e4rist\u00f6ss\u00e4 antaa rakennukselle aivan erityisen l\u00e4mm\u00f6n.\u201d<\/em><\/p>\n\n\n\n<p><em>&nbsp;\u201cIllan h\u00e4m\u00e4r\u00e4ss\u00e4 kuuset n\u00e4ytt\u00e4v\u00e4t suorastaan maagisilta. Valon ja varjon vuoropuhelu tekee kokonaisuudesta rauhallisen mutta samalla energisen.\u201d<\/em><\/p>\n\n\n\n<p><em>&nbsp;\u201cKaunista, miten yksinkertaisesta aiheesta syntyy n\u00e4in monimuotoinen ja kiehtova kokonaisuus. Teos tuo arkeen ripauksen taikaa.\u201d<\/em><\/p>\n\n\n\n<p><em>-Isokuusenkadun asukkaiden kommentteja teoksesta<\/em><\/p>\n\n\n\n<p><\/p>\n\n\n\n<p>Oi kuusipuu!&nbsp;Yhteis\u00f6llinen taideteos, jossa oli mukana ty\u00f6pajoissa yhteens\u00e4 14 vuoreslaista, jotka tuottivat kuusi-aiheista materiaalia teokseen. Reik\u00e4peltiteos 2021. Asiakas | H\u00e4meen Rakennusmestarit.<\/p>\n\n\n\n<figure class=\"wp-block-gallery has-nested-images columns-default is-cropped wp-block-gallery-1 is-layout-flex wp-block-gallery-is-layout-flex\">\n<figure class=\"wp-block-image size-large\"><img loading=\"lazy\" decoding=\"async\" width=\"1024\" height=\"576\" data-id=\"440\" src=\"https:\/\/annastiinamakitalo.com\/wp-content\/uploads\/2026\/03\/Annastiina_Makitalo_julkinen_taide_Oi-kuusipuu_2-1024x576.jpg\" alt=\"\" class=\"wp-image-440\" srcset=\"https:\/\/annastiinamakitalo.com\/wp-content\/uploads\/2026\/03\/Annastiina_Makitalo_julkinen_taide_Oi-kuusipuu_2-1024x576.jpg 1024w, https:\/\/annastiinamakitalo.com\/wp-content\/uploads\/2026\/03\/Annastiina_Makitalo_julkinen_taide_Oi-kuusipuu_2-300x169.jpg 300w, https:\/\/annastiinamakitalo.com\/wp-content\/uploads\/2026\/03\/Annastiina_Makitalo_julkinen_taide_Oi-kuusipuu_2.jpg 2000w\" sizes=\"auto, (max-width: 1024px) 100vw, 1024px\" \/><\/figure>\n<\/figure>\n\n\n\n<figure class=\"wp-block-gallery has-nested-images columns-default is-cropped wp-block-gallery-2 is-layout-flex wp-block-gallery-is-layout-flex\">\n<figure class=\"wp-block-image\"><img loading=\"lazy\" decoding=\"async\" width=\"2000\" height=\"1333\" data-id=\"462\" src=\"https:\/\/annastiinamakitalo.com\/wp-content\/uploads\/2026\/03\/Annastiina_Makitalo_julkinen_taide_Vuores_Oi-kuusipuu_kooste.jpg\" alt=\"\" class=\"wp-image-462\" srcset=\"https:\/\/annastiinamakitalo.com\/wp-content\/uploads\/2026\/03\/Annastiina_Makitalo_julkinen_taide_Vuores_Oi-kuusipuu_kooste.jpg 2000w, https:\/\/annastiinamakitalo.com\/wp-content\/uploads\/2026\/03\/Annastiina_Makitalo_julkinen_taide_Vuores_Oi-kuusipuu_kooste-300x200.jpg 300w, https:\/\/annastiinamakitalo.com\/wp-content\/uploads\/2026\/03\/Annastiina_Makitalo_julkinen_taide_Vuores_Oi-kuusipuu_kooste-1024x682.jpg 1024w, https:\/\/annastiinamakitalo.com\/wp-content\/uploads\/2026\/03\/Annastiina_Makitalo_julkinen_taide_Vuores_Oi-kuusipuu_kooste-600x400.jpg 600w, https:\/\/annastiinamakitalo.com\/wp-content\/uploads\/2026\/03\/Annastiina_Makitalo_julkinen_taide_Vuores_Oi-kuusipuu_kooste-1200x800.jpg 1200w\" sizes=\"auto, (max-width: 2000px) 100vw, 2000px\" \/><\/figure>\n<\/figure>\n\n\n\n<figure class=\"wp-block-gallery has-nested-images columns-default is-cropped wp-block-gallery-3 is-layout-flex wp-block-gallery-is-layout-flex\">\n<figure class=\"wp-block-image size-large\"><img loading=\"lazy\" decoding=\"async\" width=\"768\" height=\"1024\" data-id=\"465\" src=\"https:\/\/annastiinamakitalo.com\/wp-content\/uploads\/2026\/03\/Annastiina_Makitalo_julkinen_taide_Oi_kuusipuu_4-768x1024.jpg\" alt=\"\" class=\"wp-image-465\" srcset=\"https:\/\/annastiinamakitalo.com\/wp-content\/uploads\/2026\/03\/Annastiina_Makitalo_julkinen_taide_Oi_kuusipuu_4-768x1024.jpg 768w, https:\/\/annastiinamakitalo.com\/wp-content\/uploads\/2026\/03\/Annastiina_Makitalo_julkinen_taide_Oi_kuusipuu_4-225x300.jpg 225w, https:\/\/annastiinamakitalo.com\/wp-content\/uploads\/2026\/03\/Annastiina_Makitalo_julkinen_taide_Oi_kuusipuu_4.jpg 1200w\" sizes=\"auto, (max-width: 768px) 100vw, 768px\" \/><\/figure>\n<\/figure>\n\n\n\n<p><\/p>\n\n\n\n<div class=\"wp-block-buttons is-layout-flex wp-block-buttons-is-layout-flex\">\n<div class=\"wp-block-button is-style-outline is-style-outline--4\"><a class=\"wp-block-button__link wp-element-button\" href=\"\/index.php\/sample-page\/\" style=\"border-radius:0px\">takaisin portfolioon<\/a><\/div>\n<\/div>\n","protected":false},"excerpt":{"rendered":"<p>&nbsp;\u201cValaisun ja lasten piirrosten yhdistelm\u00e4 on todella oivaltava. Teos tuo esiin sek\u00e4 lasten luovan rohkeuden ett\u00e4 kuusiaiheen monimuotoisuuden kauniilla ja l\u00e4mminhenkisell\u00e4 tavalla.\u201d &nbsp;\u201cJokainen kuusisiluetti tuntuu kertovan oman tarinansa. On hienoa, miten olet onnistunut tuomaan lasten alkuper\u00e4iset piirrokset n\u00e4kyviksi niin modernissa ja vaikuttavassa muodossa.\u201d &nbsp;\u201cValopisteiden kautta luotu kuvapinta tekee teoksesta el\u00e4v\u00e4n \u2013 se muuttuu et\u00e4isyydest\u00e4 ja &hellip; <\/p>\n<p class=\"link-more\"><a href=\"https:\/\/annastiinamakitalo.com\/index.php\/project\/oi-kuusipuu\/\" class=\"more-link\">Read more<span class=\"screen-reader-text\"> &#8221;Oi Kuusipuu!&#8221;<\/span><\/a><\/p>\n","protected":false},"author":1,"featured_media":0,"parent":0,"template":"","meta":{"_wpzb_portfolio_video_type":"","_wpzb_portfolio_video_id":0,"_wpzb_portfolio_video_url":"","footnotes":""},"portfolio":[7],"class_list":["post-450","portfolio_item","type-portfolio_item","status-publish","hentry","portfolio-uncategorized"],"featured_media_urls":[],"_links":{"self":[{"href":"https:\/\/annastiinamakitalo.com\/index.php\/wp-json\/wp\/v2\/portfolio_item\/450","targetHints":{"allow":["GET"]}}],"collection":[{"href":"https:\/\/annastiinamakitalo.com\/index.php\/wp-json\/wp\/v2\/portfolio_item"}],"about":[{"href":"https:\/\/annastiinamakitalo.com\/index.php\/wp-json\/wp\/v2\/types\/portfolio_item"}],"author":[{"embeddable":true,"href":"https:\/\/annastiinamakitalo.com\/index.php\/wp-json\/wp\/v2\/users\/1"}],"version-history":[{"count":6,"href":"https:\/\/annastiinamakitalo.com\/index.php\/wp-json\/wp\/v2\/portfolio_item\/450\/revisions"}],"predecessor-version":[{"id":687,"href":"https:\/\/annastiinamakitalo.com\/index.php\/wp-json\/wp\/v2\/portfolio_item\/450\/revisions\/687"}],"wp:attachment":[{"href":"https:\/\/annastiinamakitalo.com\/index.php\/wp-json\/wp\/v2\/media?parent=450"}],"wp:term":[{"taxonomy":"portfolio","embeddable":true,"href":"https:\/\/annastiinamakitalo.com\/index.php\/wp-json\/wp\/v2\/portfolio?post=450"}],"curies":[{"name":"wp","href":"https:\/\/api.w.org\/{rel}","templated":true}]}}

<p><em>&nbsp;“Valaisun ja lasten piirrosten yhdistelmä on todella oivaltava. Teos tuo esiin sekä lasten luovan rohkeuden että kuusiaiheen monimuotoisuuden kauniilla ja lämminhenkisellä tavalla.”</em></p>



<p><em>&nbsp;“Jokainen kuusisiluetti tuntuu kertovan oman tarinansa. On hienoa, miten olet onnistunut tuomaan lasten alkuperäiset piirrokset näkyviksi niin modernissa ja vaikuttavassa muodossa.”</em></p>



<p><em>&nbsp;“Valopisteiden kautta luotu kuvapinta tekee teoksesta elävän – se muuttuu etäisyydestä ja katselukulman mukaan. Todella taidokas ratkaisu!”</em></p>



<p><em>&nbsp;“Teos huokuu iloa ja yhteisöllisyyttä. Lasten kädenjäljen säilyttäminen näin näyttävässä ympäristössä antaa rakennukselle aivan erityisen lämmön.”</em></p>



<p><em>&nbsp;“Illan hämärässä kuuset näyttävät suorastaan maagisilta. Valon ja varjon vuoropuhelu tekee kokonaisuudesta rauhallisen mutta samalla energisen.”</em></p>



<p><em>&nbsp;“Kaunista, miten yksinkertaisesta aiheesta syntyy näin monimuotoinen ja kiehtova kokonaisuus. Teos tuo arkeen ripauksen taikaa.”</em></p>



<p><em>-Isokuusenkadun asukkaiden kommentteja teoksesta</em></p>



<p></p>



<p>Oi kuusipuu!&nbsp;Yhteisöllinen taideteos, jossa oli mukana työpajoissa yhteensä 14 vuoreslaista, jotka tuottivat kuusi-aiheista materiaalia teokseen. Reikäpeltiteos 2021. Asiakas | Hämeen Rakennusmestarit.</p>



<figure class="wp-block-gallery has-nested-images columns-default is-cropped wp-block-gallery-1 is-layout-flex wp-block-gallery-is-layout-flex">
<figure class="wp-block-image size-large"><img loading="lazy" decoding="async" width="1024" height="576" data-id="440" src="https://annastiinamakitalo.com/wp-content/uploads/2026/03/Annastiina_Makitalo_julkinen_taide_Oi-kuusipuu_2-1024x576.jpg" alt="" class="wp-image-440" srcset="https://annastiinamakitalo.com/wp-content/uploads/2026/03/Annastiina_Makitalo_julkinen_taide_Oi-kuusipuu_2-1024x576.jpg 1024w, https://annastiinamakitalo.com/wp-content/uploads/2026/03/Annastiina_Makitalo_julkinen_taide_Oi-kuusipuu_2-300x169.jpg 300w, https://annastiinamakitalo.com/wp-content/uploads/2026/03/Annastiina_Makitalo_julkinen_taide_Oi-kuusipuu_2.jpg 2000w" sizes="auto, (max-width: 1024px) 100vw, 1024px" /></figure>
</figure>



<figure class="wp-block-gallery has-nested-images columns-default is-cropped wp-block-gallery-2 is-layout-flex wp-block-gallery-is-layout-flex">
<figure class="wp-block-image"><img loading="lazy" decoding="async" width="2000" height="1333" data-id="462" src="https://annastiinamakitalo.com/wp-content/uploads/2026/03/Annastiina_Makitalo_julkinen_taide_Vuores_Oi-kuusipuu_kooste.jpg" alt="" class="wp-image-462" srcset="https://annastiinamakitalo.com/wp-content/uploads/2026/03/Annastiina_Makitalo_julkinen_taide_Vuores_Oi-kuusipuu_kooste.jpg 2000w, https://annastiinamakitalo.com/wp-content/uploads/2026/03/Annastiina_Makitalo_julkinen_taide_Vuores_Oi-kuusipuu_kooste-300x200.jpg 300w, https://annastiinamakitalo.com/wp-content/uploads/2026/03/Annastiina_Makitalo_julkinen_taide_Vuores_Oi-kuusipuu_kooste-1024x682.jpg 1024w, https://annastiinamakitalo.com/wp-content/uploads/2026/03/Annastiina_Makitalo_julkinen_taide_Vuores_Oi-kuusipuu_kooste-600x400.jpg 600w, https://annastiinamakitalo.com/wp-content/uploads/2026/03/Annastiina_Makitalo_julkinen_taide_Vuores_Oi-kuusipuu_kooste-1200x800.jpg 1200w" sizes="auto, (max-width: 2000px) 100vw, 2000px" /></figure>
</figure>



<figure class="wp-block-gallery has-nested-images columns-default is-cropped wp-block-gallery-3 is-layout-flex wp-block-gallery-is-layout-flex">
<figure class="wp-block-image size-large"><img loading="lazy" decoding="async" width="768" height="1024" data-id="465" src="https://annastiinamakitalo.com/wp-content/uploads/2026/03/Annastiina_Makitalo_julkinen_taide_Oi_kuusipuu_4-768x1024.jpg" alt="" class="wp-image-465" srcset="https://annastiinamakitalo.com/wp-content/uploads/2026/03/Annastiina_Makitalo_julkinen_taide_Oi_kuusipuu_4-768x1024.jpg 768w, https://annastiinamakitalo.com/wp-content/uploads/2026/03/Annastiina_Makitalo_julkinen_taide_Oi_kuusipuu_4-225x300.jpg 225w, https://annastiinamakitalo.com/wp-content/uploads/2026/03/Annastiina_Makitalo_julkinen_taide_Oi_kuusipuu_4.jpg 1200w" sizes="auto, (max-width: 768px) 100vw, 768px" /></figure>
</figure>



<p></p>



<div class="wp-block-buttons is-layout-flex wp-block-buttons-is-layout-flex">
<div class="wp-block-button is-style-outline is-style-outline--4"><a class="wp-block-button__link wp-element-button" href="/index.php/sample-page/" style="border-radius:0px">takaisin portfolioon</a></div>
</div>

<p>&nbsp;“Valaisun ja lasten piirrosten yhdistelmä on todella oivaltava. Teos tuo esiin sekä lasten luovan rohkeuden että kuusiaiheen monimuotoisuuden kauniilla ja lämminhenkisellä tavalla.” &nbsp;“Jokainen kuusisiluetti tuntuu kertovan oman tarinansa. On hienoa, miten olet onnistunut tuomaan lasten alkuperäiset piirrokset näkyviksi niin modernissa ja vaikuttavassa muodossa.” &nbsp;“Valopisteiden kautta luotu kuvapinta tekee teoksesta elävän – se muuttuu etäisyydestä ja &hellip; </p>
<p class="link-more"><a href="https://annastiinamakitalo.com/index.php/project/oi-kuusipuu/" class="more-link">Read more<span class="screen-reader-text"> &#8221;Oi Kuusipuu!&#8221;</span></a></p>
